{"id":6,"date":"2023-10-03T17:32:10","date_gmt":"2023-10-03T15:32:10","guid":{"rendered":"http:\/\/vamosacomergratis.com\/?page_id=6"},"modified":"2023-10-04T10:14:23","modified_gmt":"2023-10-04T08:14:23","slug":"accueil","status":"publish","type":"page","link":"https:\/\/vamosacomergratis.com\/","title":{"rendered":"Accueil"},"content":{"rendered":"\n<div class=\"wp-block-cover alignfull is-light\" style=\"min-height:720px;aspect-ratio:unset;\"><span aria-hidden=\"true\" class=\"wp-block-cover__background has-background-dim-100 has-background-dim has-background-gradient\" style=\"background:linear-gradient(35deg,rgb(45,49,68) 4%,rgb(2,150,177) 61%,rgb(223,170,17) 96%)\"><\/span><div class=\"wp-block-cover__inner-container is-layout-flow wp-block-cover-is-layout-flow\">\n<div class=\"inherit-container-width wp-block-group alignwide is-layout-constrained wp-block-group-is-layout-constrained\">\n<div class=\"wp-block-media-text alignwide has-media-on-the-right is-stacked-on-mobile is-vertically-aligned-center\" style=\"padding-top:0;padding-bottom:0;grid-template-columns:auto 43%\"><div class=\"wp-block-media-text__content\">\n<h1 class=\"wp-block-heading has-text-align-left has-white-color has-text-color\">\u00a1Un nuevo tipo de evento cerca de ti!<\/h1>\n\n\n\n<p>Compartamos momentos de convivencia con comidas 100% gratuitas en el restaurante.<\/p>\n\n\n\n<div class=\"wp-block-buttons is-layout-flex wp-block-buttons-is-layout-flex\">\n<div class=\"wp-block-button\"><a class=\"wp-block-button__link wp-element-button\" href=\"#\">M\u00e1s informaci\u00f3n<\/a><\/div>\n<\/div>\n<\/div><figure class=\"wp-block-media-text__media\"><img loading=\"lazy\" decoding=\"async\" width=\"512\" height=\"512\" src=\"https:\/\/vamosacomergratis.com\/wp-content\/uploads\/2023\/10\/vamosacomergratis_website-1.png\" alt=\"\" class=\"wp-image-35 size-full\" srcset=\"https:\/\/vamosacomergratis.com\/wp-content\/uploads\/2023\/10\/vamosacomergratis_website-1.png 512w, https:\/\/vamosacomergratis.com\/wp-content\/uploads\/2023\/10\/vamosacomergratis_website-1-300x300.png 300w, https:\/\/vamosacomergratis.com\/wp-content\/uploads\/2023\/10\/vamosacomergratis_website-1-150x150.png 150w\" sizes=\"auto, (max-width: 512px) 100vw, 512px\" \/><\/figure><\/div>\n<\/div>\n<\/div><\/div>\n\n\n\n<div class=\"wp-block-group alignfull has-ast-global-color-5-background-color has-background is-layout-constrained wp-container-core-group-is-layout-be6c0c3f wp-block-group-is-layout-constrained\" style=\"padding-top:74px;padding-bottom:0px\">\n<div class=\"wp-block-columns are-vertically-aligned-top is-layout-flex wp-container-core-columns-is-layout-00723822 wp-block-columns-is-layout-flex\">\n<div class=\"wp-block-column is-vertically-aligned-top is-layout-flow wp-container-core-column-is-layout-6b73ce23 wp-block-column-is-layout-flow\">\n<figure class=\"wp-block-image size-full is-resized\"><img decoding=\"async\" src=\"https:\/\/vamosacomergratis.com\/wp-content\/uploads\/2023\/10\/1f91d.png\" alt=\"\" class=\"wp-image-36\" style=\"width:40px\" width=\"40\"\/><\/figure>\n\n\n\n<h3 class=\"wp-block-heading has-text-align-left\" style=\"margin-top:16px\">Reunirse<\/h3>\n<\/div>\n\n\n\n<div class=\"wp-block-column is-vertically-aligned-top is-layout-flow wp-container-core-column-is-layout-6b73ce23 wp-block-column-is-layout-flow\">\n<figure class=\"wp-block-image size-full is-resized\"><img decoding=\"async\" src=\"https:\/\/vamosacomergratis.com\/wp-content\/uploads\/2023\/10\/1f643.png\" alt=\"\" class=\"wp-image-37\" style=\"width:40px\" width=\"40\"\/><\/figure>\n\n\n\n<h3 class=\"wp-block-heading has-text-align-left\" style=\"margin-top:16px\">Compartir<\/h3>\n<\/div>\n\n\n\n<div class=\"wp-block-column is-vertically-aligned-top is-layout-flow wp-container-core-column-is-layout-6b73ce23 wp-block-column-is-layout-flow\">\n<figure class=\"wp-block-image size-full is-resized\"><img decoding=\"async\" src=\"https:\/\/vamosacomergratis.com\/wp-content\/uploads\/2023\/10\/1f389.png\" alt=\"\" class=\"wp-image-38\" style=\"width:40px\" width=\"40\"\/><\/figure>\n\n\n\n<h3 class=\"wp-block-heading has-text-align-left\" style=\"margin-top:16px\">Convivir<\/h3>\n<\/div>\n\n\n\n<div class=\"wp-block-column is-vertically-aligned-top is-layout-flow wp-container-core-column-is-layout-6b73ce23 wp-block-column-is-layout-flow\">\n<figure class=\"wp-block-image size-full is-resized\"><img decoding=\"async\" src=\"https:\/\/vamosacomergratis.com\/wp-content\/uploads\/2023\/10\/flag-spain_1f1ea-1f1f8.png\" alt=\"\" class=\"wp-image-39\" style=\"width:40px\" width=\"40\"\/><\/figure>\n\n\n\n<h3 class=\"wp-block-heading has-text-align-left\" style=\"margin-top:16px\">En toda Espa\u00f1a<\/h3>\n<\/div>\n<\/div>\n<\/div>\n\n\n\n<div class=\"wp-block-group alignfull has-ast-global-color-5-background-color has-background is-layout-constrained wp-container-core-group-is-layout-096132ac wp-block-group-is-layout-constrained\" id=\"about\" style=\"padding-top:92px;padding-right:0;padding-bottom:92px;padding-left:0\">\n<div class=\"wp-block-columns is-layout-flex wp-container-core-columns-is-layout-28f84493 wp-block-columns-is-layout-flex\">\n<div class=\"wp-block-column is-vertically-aligned-center is-layout-flow wp-block-column-is-layout-flow\">\n<h2 class=\"wp-block-heading has-ast-global-color-1-color has-text-color\">Descubre el concepto en v\u00eddeo<\/h2>\n\n\n\n<p>El patrocinador te ofrece una comida en el restaurante a cambio de tu participaci\u00f3n en la presentaci\u00f3n de sus productos, <strong>sin<\/strong> obligaci\u00f3n de comprar.<\/p>\n<\/div>\n\n\n\n<div class=\"wp-block-column is-layout-flow wp-block-column-is-layout-flow\">\n<figure class=\"wp-block-embed is-type-video is-provider-youtube wp-block-embed-youtube wp-embed-aspect-16-9 wp-has-aspect-ratio\"><div class=\"wp-block-embed__wrapper\">\n<div class=\"ast-oembed-container\" style=\"height: 100%;\"><iframe loading=\"lazy\" title=\"\ud83d\udca5 \u00bfQu\u00e9 es Vamos a comer gratis?\" width=\"500\" height=\"281\" src=\"https:\/\/www.youtube.com\/embed\/oiJAxR_PHaU?feature=oembed\" frameborder=\"0\" allow=\"accelerometer; autoplay; clipboard-write; encrypted-media; gyroscope; picture-in-picture; web-share\" referrerpolicy=\"strict-origin-when-cross-origin\" allowfullscreen><\/iframe><\/div>\n<\/div><\/figure>\n<\/div>\n<\/div>\n<\/div>\n\n\n\n<div class=\"wp-block-group alignfull has-ast-global-color-4-background-color has-background is-layout-constrained wp-container-core-group-is-layout-6a2cfb7b wp-block-group-is-layout-constrained\" id=\"reviews\">\n<figure class=\"wp-block-image aligncenter size-full\"><img decoding=\"async\" src=\"https:\/\/vamosacomergratis.com\/wp-content\/themes\/astra\/inc\/assets\/images\/starter-content\/avatar.png\" alt=\"\" class=\"wp-image-235\"\/><\/figure>\n\n\n\n<p class=\"has-text-align-center\" style=\"font-size:22px;line-height:1.6\">\u201cRealmente he tenido un d\u00eda excelente. La conferencia ha sido interesante y hemos podido ver productos de calidad. \u00a1El vendedor no nos oblig\u00f3 a comprar! Despu\u00e9s, se ofreci\u00f3 una comida para todos. Es un momento muy agradable.\u201d<\/p>\n\n\n\n<p class=\"has-text-align-center\"><strong>Paco<\/strong><\/p>\n<\/div>\n\n\n\n<div class=\"wp-block-group alignfull is-layout-constrained wp-container-core-group-is-layout-53bdd137 wp-block-group-is-layout-constrained\" id=\"whyus\" style=\"padding-top:74px;padding-bottom:74px\">\n<h2 class=\"wp-block-heading has-ast-global-color-7-color has-text-color\">Preguntas m\u00e1s frecuentes<\/h2>\n\n\n\n<div class=\"wp-block-columns is-layout-flex wp-container-core-columns-is-layout-29aadeec wp-block-columns-is-layout-flex\" style=\"margin-top:60px\">\n<div class=\"wp-block-column is-layout-flow wp-container-core-column-is-layout-6b73ce23 wp-block-column-is-layout-flow\">\n<h3 class=\"wp-block-heading has-ast-global-color-1-color has-text-color\" style=\"margin-top:16px\">\u00bfEn qu\u00e9 consiste una comida patrocinada?<\/h3>\n\n\n\n<p>El concepto es sencillo: al igual que la publicidad televisiva financia su pel\u00edcula, los patrocinadores certificados de MonRestoGratuit financian su comida 100% gratuita en el restaurante a cambio de su participaci\u00f3n en su presentaci\u00f3n de productos\/servicios sin compromiso.<\/p>\n<\/div>\n\n\n\n<div class=\"wp-block-column is-layout-flow wp-container-core-column-is-layout-6b73ce23 wp-block-column-is-layout-flow\">\n<h3 class=\"wp-block-heading has-ast-global-color-3-color has-text-color\" style=\"margin-top:16px\">\u00bfC\u00f3mo puedo beneficiarme de la comida gratuita?<\/h3>\n\n\n\n<p>Todo lo que tiene que hacer es asistir a nuestro evento.<\/p>\n\n\n\n<p>En el programa: presentaci\u00f3n de productos innovadores de uno de nuestros patrocinadores (sin obligaci\u00f3n de compra, para nosotros s\u00f3lo cuenta su opini\u00f3n), seguida de una comida 100% gratuita para usted y sus invitados.<\/p>\n<\/div>\n\n\n\n<div class=\"wp-block-column is-layout-flow wp-container-core-column-is-layout-6b73ce23 wp-block-column-is-layout-flow\">\n<h3 class=\"wp-block-heading\" style=\"margin-top:16px\">\u00bfTengo que comprar uno de los productos presentados para beneficiarme de la comida gratuita?<\/h3>\n\n\n\n<p>No! La comida es gratis sin obligaci\u00f3n de compra, para nosotros s\u00f3lo cuenta tu opini\u00f3n.<\/p>\n\n\n\n<p>Lo mismo vale para tus invitados. La cuenta es gratis.<\/p>\n<\/div>\n<\/div>\n<\/div>\n\n\n\n<div class=\"wp-block-group alignfull has-background is-layout-constrained wp-container-core-group-is-layout-cfcca693 wp-block-group-is-layout-constrained\" id=\"contact\" style=\"background:linear-gradient(35deg,rgb(45,49,68) 0%,rgb(2,150,177) 64%,rgb(223,170,17) 98%);padding-top:104px;padding-bottom:104px\">\n<h2 class=\"wp-block-heading has-text-align-center has-text-color\" style=\"color:#ffffff\">\u00a1S\u00edganos en las redes sociales!<\/h2>\n\n\n\n<div class=\"wp-block-buttons alignwide is-horizontal is-content-justification-center is-layout-flex wp-container-core-buttons-is-layout-bba8380a wp-block-buttons-is-layout-flex\" style=\"margin-top:50px\">\n<div class=\"wp-block-button\"><a class=\"wp-block-button__link has-ast-global-color-5-color has-text-color wp-element-button\" href=\"https:\/\/www.facebook.com\/vamosacomergratis\" target=\"_blank\" rel=\"noreferrer noopener\">Facebook<\/a><\/div>\n\n\n\n<div class=\"wp-block-button\"><a class=\"wp-block-button__link has-white-color has-text-color wp-element-button\" href=\"https:\/\/www.instagram.com\/vamosacomergratis\/\" target=\"_blank\" rel=\"noreferrer noopener\">Instagram<\/a><\/div>\n<\/div>\n<\/div>\n","protected":false},"excerpt":{"rendered":"<p>Reunirse Compartir Convivir En toda Espa\u00f1a Descubre el concepto en v\u00eddeo El patrocinador te ofrece una comida en el restaurante a cambio de tu participaci\u00f3n en la presentaci\u00f3n de sus productos, sin obligaci\u00f3n de comprar. \u201cRealmente he tenido un d\u00eda excelente. La conferencia ha sido interesante y hemos podido ver productos de calidad. \u00a1El vendedor &hellip;<\/p>\n<p class=\"read-more\"> <a class=\"\" href=\"https:\/\/vamosacomergratis.com\/\"> <span class=\"screen-reader-text\">Accueil<\/span> Lire la suite\u00a0\u00bb<\/a><\/p>\n","protected":false},"author":1,"featured_media":0,"parent":0,"menu_order":0,"comment_status":"closed","ping_status":"closed","template":"","meta":{"site-sidebar-layout":"no-sidebar","site-content-layout":"plain-container","ast-site-content-layout":"","site-content-style":"default","site-sidebar-style":"default","ast-global-header-display":"","ast-banner-title-visibility":"","ast-main-header-display":"","ast-hfb-above-header-display":"","ast-hfb-below-header-display":"","ast-hfb-mobile-header-display":"","site-post-title":"disabled","ast-breadcrumbs-content":"","ast-featured-img":"","footer-sml-layout":"","theme-transparent-header-meta":"enabled","adv-header-id-meta":"","stick-header-meta":"","header-above-stick-meta":"","header-main-stick-meta":"","header-below-stick-meta":"","astra-migrate-meta-layouts":"","footnotes":""},"class_list":["post-6","page","type-page","status-publish","hentry"],"_links":{"self":[{"href":"https:\/\/vamosacomergratis.com\/index.php\/wp-json\/wp\/v2\/pages\/6","targetHints":{"allow":["GET"]}}],"collection":[{"href":"https:\/\/vamosacomergratis.com\/index.php\/wp-json\/wp\/v2\/pages"}],"about":[{"href":"https:\/\/vamosacomergratis.com\/index.php\/wp-json\/wp\/v2\/types\/page"}],"author":[{"embeddable":true,"href":"https:\/\/vamosacomergratis.com\/index.php\/wp-json\/wp\/v2\/users\/1"}],"replies":[{"embeddable":true,"href":"https:\/\/vamosacomergratis.com\/index.php\/wp-json\/wp\/v2\/comments?post=6"}],"version-history":[{"count":6,"href":"https:\/\/vamosacomergratis.com\/index.php\/wp-json\/wp\/v2\/pages\/6\/revisions"}],"predecessor-version":[{"id":45,"href":"https:\/\/vamosacomergratis.com\/index.php\/wp-json\/wp\/v2\/pages\/6\/revisions\/45"}],"wp:attachment":[{"href":"https:\/\/vamosacomergratis.com\/index.php\/wp-json\/wp\/v2\/media?parent=6"}],"curies":[{"name":"wp","href":"https:\/\/api.w.org\/{rel}","templated":true}]}}